{"id":29007,"date":"2021-10-25T09:38:51","date_gmt":"2021-10-25T08:38:51","guid":{"rendered":"https:\/\/dawogroup.com\/fr\/?post_type=project&#038;p=29007"},"modified":"2022-01-10T12:05:34","modified_gmt":"2022-01-10T11:05:34","slug":"anderlecht-7-appartements","status":"publish","type":"project","link":"https:\/\/dawogroup.com\/fr\/project\/anderlecht-7-appartements\/","title":{"rendered":"Anderlecht | 7 appartements"},"content":{"rendered":"<p>[et_pb_section fb_built=\u00a0\u00bb1&Prime; _builder_version=\u00a0\u00bb4.9.4&Prime; _module_preset=\u00a0\u00bbdefault\u00a0\u00bb custom_padding=\u00a0\u00bb1px||0px|||\u00a0\u00bb][et_pb_row column_structure=\u00a0\u00bb2_5,3_5&Prime; _builder_version=\u00a0\u00bb4.9.4&Prime; _module_preset=\u00a0\u00bbdefault\u00a0\u00bb width=\u00a0\u00bb100%\u00a0\u00bb max_width=\u00a0\u00bb100%\u00a0\u00bb custom_margin_tablet=\u00a0\u00bb\u00a0\u00bb custom_margin_phone=\u00a0\u00bb\u00a0\u00bb custom_margin_last_edited=\u00a0\u00bbon|tablet\u00a0\u00bb custom_padding=\u00a0\u00bb0px||0px||false|false\u00a0\u00bb][et_pb_column type=\u00a0\u00bb2_5&Prime; _builder_version=\u00a0\u00bb4.9.4&Prime; _module_preset=\u00a0\u00bbdefault\u00a0\u00bb][et_pb_text _builder_version=\u00a0\u00bb4.9.4&Prime; _module_preset=\u00a0\u00bbdefault\u00a0\u00bb text_font=\u00a0\u00bbBellefair|||on|||||\u00a0\u00bb text_font_size=\u00a0\u00bb37px\u00a0\u00bb custom_margin=\u00a0\u00bb80px||29px|40px|false|false\u00a0\u00bb custom_margin_tablet=\u00a0\u00bb40px||20px|0px|false|false\u00a0\u00bb custom_margin_phone=\u00a0\u00bb\u00a0\u00bb custom_margin_last_edited=\u00a0\u00bbon|desktop\u00a0\u00bb custom_padding=\u00a0\u00bb10px|20px|10px||false|false\u00a0\u00bb custom_padding_tablet=\u00a0\u00bb0px|40px|0px|40px|false|true\u00a0\u00bb custom_padding_phone=\u00a0\u00bb\u00a0\u00bb custom_padding_last_edited=\u00a0\u00bbon|tablet\u00a0\u00bb text_font_size_tablet=\u00a0\u00bb34px\u00a0\u00bb text_font_size_phone=\u00a0\u00bb22px\u00a0\u00bb text_font_size_last_edited=\u00a0\u00bbon|tablet\u00a0\u00bb]<\/p>\n<p>La r\u00e9sidence nationale<\/p>\n<p>[\/et_pb_text][et_pb_text _builder_version=\u00a0\u00bb4.9.4&Prime; _module_preset=\u00a0\u00bbdefault\u00a0\u00bb text_font=\u00a0\u00bb|700||on|||||\u00a0\u00bb text_font_size=\u00a0\u00bb17px\u00a0\u00bb custom_margin=\u00a0\u00bb||21px|40px|false|false\u00a0\u00bb custom_margin_tablet=\u00a0\u00bb|||0px|false|false\u00a0\u00bb custom_margin_phone=\u00a0\u00bb\u00a0\u00bb custom_margin_last_edited=\u00a0\u00bbon|phone\u00a0\u00bb custom_padding=\u00a0\u00bb|0px|0px|0px|false|false\u00a0\u00bb custom_padding_tablet=\u00a0\u00bb|40px||40px|false|true\u00a0\u00bb custom_padding_phone=\u00a0\u00bb\u00a0\u00bb custom_padding_last_edited=\u00a0\u00bbon|tablet\u00a0\u00bb]<\/p>\n<p><strong>\u00a01070 Anderlecht &#8211; <span style=\"color: #50b794;\">100% vendus\u00a0<\/span><\/strong><\/p>\n<p>[\/et_pb_text][et_pb_text _builder_version=\u00a0\u00bb4.9.4&Prime; _module_preset=\u00a0\u00bbdefault\u00a0\u00bb text_font_size=\u00a0\u00bb23px\u00a0\u00bb text_line_height=\u00a0\u00bb1.6em\u00a0\u00bb custom_margin=\u00a0\u00bb|||40px|false|false\u00a0\u00bb custom_margin_tablet=\u00a0\u00bb|||0px|false|false\u00a0\u00bb custom_margin_phone=\u00a0\u00bb\u00a0\u00bb custom_margin_last_edited=\u00a0\u00bbon|desktop\u00a0\u00bb custom_padding=\u00a0\u00bb|40px||0px|false|false\u00a0\u00bb custom_padding_tablet=\u00a0\u00bb|40px||40px|false|true\u00a0\u00bb custom_padding_phone=\u00a0\u00bb\u00a0\u00bb custom_padding_last_edited=\u00a0\u00bbon|tablet\u00a0\u00bb text_font_size_tablet=\u00a0\u00bb18px\u00a0\u00bb text_font_size_phone=\u00a0\u00bb14px\u00a0\u00bb text_font_size_last_edited=\u00a0\u00bbon|phone\u00a0\u00bb]<\/p>\n<p><span>Au coeur d&rsquo;Anderlecht, proche de toutes commodit\u00e9s et du m\u00e9tro La Roue.<br \/>La r\u00e9sidence Nationale a \u00e9t\u00e9 r\u00e9alis\u00e9e en 2014.<\/span><\/p>\n<p>[\/et_pb_text][et_pb_text _builder_version=\u00a0\u00bb4.9.4&Prime; _module_preset=\u00a0\u00bbdefault\u00a0\u00bb text_font_size=\u00a0\u00bb18px\u00a0\u00bb text_line_height=\u00a0\u00bb1.6em\u00a0\u00bb custom_margin=\u00a0\u00bb|||40px|false|false\u00a0\u00bb custom_margin_tablet=\u00a0\u00bb|||0px|false|false\u00a0\u00bb custom_margin_phone=\u00a0\u00bb\u00a0\u00bb custom_margin_last_edited=\u00a0\u00bbon|phone\u00a0\u00bb custom_padding=\u00a0\u00bb|40px|0px|0px|false|false\u00a0\u00bb custom_padding_tablet=\u00a0\u00bb|40px||40px|false|true\u00a0\u00bb custom_padding_phone=\u00a0\u00bb\u00a0\u00bb custom_padding_last_edited=\u00a0\u00bbon|tablet\u00a0\u00bb hover_enabled=\u00a0\u00bb0&Prime; text_font_size_tablet=\u00a0\u00bb\u00a0\u00bb text_font_size_phone=\u00a0\u00bb14px\u00a0\u00bb text_font_size_last_edited=\u00a0\u00bbon|phone\u00a0\u00bb sticky_enabled=\u00a0\u00bb0&Prime;]<\/p>\n<p><strong>7 appartements\u00a0<\/strong><br \/><span>68m\u00b2\u00a0 \u00a0 \u00a0|\u00a0 \u00a0 <\/span>\u00a01 appartement 1 chambre<br \/><span>87m\u00b2\u00a0 \u00a0 \u00a0| <\/span>\u00a0 \u00a0 5 appartements 2 chambres<br \/><span>110m\u00b2\u00a0 \u00a0 \u00a0| <\/span>\u00a0 \u00a0 1 appartement 3 chambres<\/p>\n<p>&nbsp;<\/p>\n<p>[\/et_pb_text][\/et_pb_column][et_pb_column type=\u00a0\u00bb3_5&Prime; _builder_version=\u00a0\u00bb4.9.4&Prime; _module_preset=\u00a0\u00bbdefault\u00a0\u00bb][et_pb_image src=\u00a0\u00bbhttp:\/\/dawogroup.com\/fr\/wp-content\/uploads\/sites\/2\/2021\/10\/avsocietenationale1-scaled.jpg\u00a0\u00bb alt=\u00a0\u00bbdawogroup_anderelecht_8appartements\u00a0\u00bb title_text=\u00a0\u00bbDawo_Group_ResidenceNationale\u00a0\u00bb _builder_version=\u00a0\u00bb4.9.4&Prime; _module_preset=\u00a0\u00bbdefault\u00a0\u00bb][\/et_pb_image][\/et_pb_column][\/et_pb_row][\/et_pb_section]<\/p>\n","protected":false},"excerpt":{"rendered":"<p>[et_pb_section fb_built=\u00a0\u00bb1&Prime; _builder_version=\u00a0\u00bb4.9.4&Prime; _module_preset=\u00a0\u00bbdefault\u00a0\u00bb custom_padding=\u00a0\u00bb1px||0px|||\u00a0\u00bb][et_pb_row column_structure=\u00a0\u00bb2_5,3_5&Prime; _builder_version=\u00a0\u00bb4.9.4&Prime; _module_preset=\u00a0\u00bbdefault\u00a0\u00bb width=\u00a0\u00bb100%\u00a0\u00bb max_width=\u00a0\u00bb100%\u00a0\u00bb custom_margin_tablet=\u00a0\u00bb\u00a0\u00bb custom_margin_phone=\u00a0\u00bb\u00a0\u00bb custom_margin_last_edited=\u00a0\u00bbon|tablet\u00a0\u00bb custom_padding=\u00a0\u00bb0px||0px||false|false\u00a0\u00bb][et_pb_column type=\u00a0\u00bb2_5&Prime; _builder_version=\u00a0\u00bb4.9.4&Prime; _module_preset=\u00a0\u00bbdefault\u00a0\u00bb][et_pb_text _builder_version=\u00a0\u00bb4.9.4&Prime; _module_preset=\u00a0\u00bbdefault\u00a0\u00bb text_font=\u00a0\u00bbBellefair|||on|||||\u00a0\u00bb text_font_size=\u00a0\u00bb37px\u00a0\u00bb custom_margin=\u00a0\u00bb80px||29px|40px|false|false\u00a0\u00bb custom_margin_tablet=\u00a0\u00bb40px||20px|0px|false|false\u00a0\u00bb custom_margin_phone=\u00a0\u00bb\u00a0\u00bb custom_margin_last_edited=\u00a0\u00bbon|desktop\u00a0\u00bb custom_padding=\u00a0\u00bb10px|20px|10px||false|false\u00a0\u00bb custom_padding_tablet=\u00a0\u00bb0px|40px|0px|40px|false|true\u00a0\u00bb custom_padding_phone=\u00a0\u00bb\u00a0\u00bb custom_padding_last_edited=\u00a0\u00bbon|tablet\u00a0\u00bb text_font_size_tablet=\u00a0\u00bb34px\u00a0\u00bb text_font_size_phone=\u00a0\u00bb22px\u00a0\u00bb text_font_size_last_edited=\u00a0\u00bbon|tablet\u00a0\u00bb] La r\u00e9sidence nationale [\/et_pb_text][et_pb_text _builder_version=\u00a0\u00bb4.9.4&Prime; _module_preset=\u00a0\u00bbdefault\u00a0\u00bb text_font=\u00a0\u00bb|700||on|||||\u00a0\u00bb text_font_size=\u00a0\u00bb17px\u00a0\u00bb custom_margin=\u00a0\u00bb||21px|40px|false|false\u00a0\u00bb custom_margin_tablet=\u00a0\u00bb|||0px|false|false\u00a0\u00bb custom_margin_phone=\u00a0\u00bb\u00a0\u00bb custom_margin_last_edited=\u00a0\u00bbon|phone\u00a0\u00bb custom_padding=\u00a0\u00bb|0px|0px|0px|false|false\u00a0\u00bb custom_padding_tablet=\u00a0\u00bb|40px||40px|false|true\u00a0\u00bb custom_padding_phone=\u00a0\u00bb\u00a0\u00bb custom_padding_last_edited=\u00a0\u00bbon|tablet\u00a0\u00bb] \u00a01070 Anderlecht &#8211; 100% vendus\u00a0 [\/et_pb_text][et_pb_text _builder_version=\u00a0\u00bb4.9.4&Prime; [&hellip;]<\/p>\n","protected":false},"author":1,"featured_media":29008,"comment_status":"open","ping_status":"closed","template":"","meta":{"_et_pb_use_builder":"on","_et_pb_old_content":"","_et_gb_content_width":"","om_disable_all_campaigns":false,"_mi_skip_tracking":false},"project_category":[11],"project_tag":[],"aioseo_notices":[],"_links":{"self":[{"href":"https:\/\/dawogroup.com\/fr\/wp-json\/wp\/v2\/project\/29007"}],"collection":[{"href":"https:\/\/dawogroup.com\/fr\/wp-json\/wp\/v2\/project"}],"about":[{"href":"https:\/\/dawogroup.com\/fr\/wp-json\/wp\/v2\/types\/project"}],"author":[{"embeddable":true,"href":"https:\/\/dawogroup.com\/fr\/wp-json\/wp\/v2\/users\/1"}],"replies":[{"embeddable":true,"href":"https:\/\/dawogroup.com\/fr\/wp-json\/wp\/v2\/comments?post=29007"}],"version-history":[{"count":18,"href":"https:\/\/dawogroup.com\/fr\/wp-json\/wp\/v2\/project\/29007\/revisions"}],"predecessor-version":[{"id":29346,"href":"https:\/\/dawogroup.com\/fr\/wp-json\/wp\/v2\/project\/29007\/revisions\/29346"}],"wp:featuredmedia":[{"embeddable":true,"href":"https:\/\/dawogroup.com\/fr\/wp-json\/wp\/v2\/media\/29008"}],"wp:attachment":[{"href":"https:\/\/dawogroup.com\/fr\/wp-json\/wp\/v2\/media?parent=29007"}],"wp:term":[{"taxonomy":"project_category","embeddable":true,"href":"https:\/\/dawogroup.com\/fr\/wp-json\/wp\/v2\/project_category?post=29007"},{"taxonomy":"project_tag","embeddable":true,"href":"https:\/\/dawogroup.com\/fr\/wp-json\/wp\/v2\/project_tag?post=29007"}],"curies":[{"name":"wp","href":"https:\/\/api.w.org\/{rel}","templated":true}]}}

<p>[et_pb_section fb_built= »1&Prime; _builder_version= »4.9.4&Prime; _module_preset= »default » custom_padding= »1px||0px||| »][et_pb_row column_structure= »2_5,3_5&Prime; _builder_version= »4.9.4&Prime; _module_preset= »default » width= »100% » max_width= »100% » custom_margin_tablet= » » custom_margin_phone= » » custom_margin_last_edited= »on|tablet » custom_padding= »0px||0px||false|false »][et_pb_column type= »2_5&Prime; _builder_version= »4.9.4&Prime; _module_preset= »default »][et_pb_text _builder_version= »4.9.4&Prime; _module_preset= »default » text_font= »Bellefair|||on||||| » text_font_size= »37px » custom_margin= »80px||29px|40px|false|false » custom_margin_tablet= »40px||20px|0px|false|false » custom_margin_phone= » » custom_margin_last_edited= »on|desktop » custom_padding= »10px|20px|10px||false|false » custom_padding_tablet= »0px|40px|0px|40px|false|true » custom_padding_phone= » » custom_padding_last_edited= »on|tablet » text_font_size_tablet= »34px » text_font_size_phone= »22px » text_font_size_last_edited= »on|tablet »]</p>
<p>La résidence nationale</p>
<p>[/et_pb_text][et_pb_text _builder_version= »4.9.4&Prime; _module_preset= »default » text_font= »|700||on||||| » text_font_size= »17px » custom_margin= »||21px|40px|false|false » custom_margin_tablet= »|||0px|false|false » custom_margin_phone= » » custom_margin_last_edited= »on|phone » custom_padding= »|0px|0px|0px|false|false » custom_padding_tablet= »|40px||40px|false|true » custom_padding_phone= » » custom_padding_last_edited= »on|tablet »]</p>
<p><strong> 1070 Anderlecht &#8211; <span style="color: #50b794;">100% vendus </span></strong></p>
<p>[/et_pb_text][et_pb_text _builder_version= »4.9.4&Prime; _module_preset= »default » text_font_size= »23px » text_line_height= »1.6em » custom_margin= »|||40px|false|false » custom_margin_tablet= »|||0px|false|false » custom_margin_phone= » » custom_margin_last_edited= »on|desktop » custom_padding= »|40px||0px|false|false » custom_padding_tablet= »|40px||40px|false|true » custom_padding_phone= » » custom_padding_last_edited= »on|tablet » text_font_size_tablet= »18px » text_font_size_phone= »14px » text_font_size_last_edited= »on|phone »]</p>
<p><span>Au coeur d&rsquo;Anderlecht, proche de toutes commodités et du métro La Roue.<br />La résidence Nationale a été réalisée en 2014.</span></p>
<p>[/et_pb_text][et_pb_text _builder_version= »4.9.4&Prime; _module_preset= »default » text_font_size= »18px » text_line_height= »1.6em » custom_margin= »|||40px|false|false » custom_margin_tablet= »|||0px|false|false » custom_margin_phone= » » custom_margin_last_edited= »on|phone » custom_padding= »|40px|0px|0px|false|false » custom_padding_tablet= »|40px||40px|false|true » custom_padding_phone= » » custom_padding_last_edited= »on|tablet » hover_enabled= »0&Prime; text_font_size_tablet= » » text_font_size_phone= »14px » text_font_size_last_edited= »on|phone » sticky_enabled= »0&Prime;]</p>
<p><strong>7 appartements </strong><br /><span>68m²     |    </span> 1 appartement 1 chambre<br /><span>87m²     | </span>    5 appartements 2 chambres<br /><span>110m²     | </span>    1 appartement 3 chambres</p>
<p>&nbsp;</p>
<p>[/et_pb_text][/et_pb_column][et_pb_column type= »3_5&Prime; _builder_version= »4.9.4&Prime; _module_preset= »default »][et_pb_image src= »http://dawogroup.com/fr/wp-content/uploads/sites/2/2021/10/avsocietenationale1-scaled.jpg » alt= »dawogroup_anderelecht_8appartements » title_text= »Dawo_Group_ResidenceNationale » _builder_version= »4.9.4&Prime; _module_preset= »default »][/et_pb_image][/et_pb_column][/et_pb_row][/et_pb_section]</p>

<p>[et_pb_section fb_built= »1&Prime; _builder_version= »4.9.4&Prime; _module_preset= »default » custom_padding= »1px||0px||| »][et_pb_row column_structure= »2_5,3_5&Prime; _builder_version= »4.9.4&Prime; _module_preset= »default » width= »100% » max_width= »100% » custom_margin_tablet= » » custom_margin_phone= » » custom_margin_last_edited= »on|tablet » custom_padding= »0px||0px||false|false »][et_pb_column type= »2_5&Prime; _builder_version= »4.9.4&Prime; _module_preset= »default »][et_pb_text _builder_version= »4.9.4&Prime; _module_preset= »default » text_font= »Bellefair|||on||||| » text_font_size= »37px » custom_margin= »80px||29px|40px|false|false » custom_margin_tablet= »40px||20px|0px|false|false » custom_margin_phone= » » custom_margin_last_edited= »on|desktop » custom_padding= »10px|20px|10px||false|false » custom_padding_tablet= »0px|40px|0px|40px|false|true » custom_padding_phone= » » custom_padding_last_edited= »on|tablet » text_font_size_tablet= »34px » text_font_size_phone= »22px » text_font_size_last_edited= »on|tablet »] La résidence nationale [/et_pb_text][et_pb_text _builder_version= »4.9.4&Prime; _module_preset= »default » text_font= »|700||on||||| » text_font_size= »17px » custom_margin= »||21px|40px|false|false » custom_margin_tablet= »|||0px|false|false » custom_margin_phone= » » custom_margin_last_edited= »on|phone » custom_padding= »|0px|0px|0px|false|false » custom_padding_tablet= »|40px||40px|false|true » custom_padding_phone= » » custom_padding_last_edited= »on|tablet »]  1070 Anderlecht &#8211; 100% vendus  [/et_pb_text][et_pb_text _builder_version= »4.9.4&Prime; [&hellip;]</p>
